e 19 + 2 + -4 + -1. What is the greatest common divisor of f and 32?
16
Let g(o) = -5*o. Let t be g(-3). What is the greatest common divisor of 3 and t?
3
Suppose x - 3*x + 24 = 3*n, 2*n = -x + 15. Calculate the greatest common factor of n and 3.
3
Suppose 0 = -n + 5 + 83. What is the highest common factor of 8 and n?
8
Suppose 0 = -4*f - f + 300. Suppose 0 = -6*o + 9*o + 5*s - 46, 0 = 5*o - 2*s - 56. Calculate the highest common divisor of f and o.
12
Suppose -2*d - 2*d = -120. Let g = -16 + d. Let z = 118 + -62. Calculate the greatest common divisor of z and g.
14
Let j(p) = -p**2 - 12*p - 13. Let f be j(-11). Let o(x) = -9*x + 1. Let n be o(f). Calculate the highest common divisor of 38 and n.
19
Let l = 64 - 38. What is the highest common factor of 39 and l?
13
Suppose -10 = -3*a - j, 2*a + 5*j - 3*j - 4 = 0. Calculate the greatest common factor of a and 32.
4
Let z(k) = -k**3 + 10*k**2 - 11*k + 22. Let w be z(9). What is the highest common divisor of w and 4?
4
Let x be (-1 + -2)*(-10)/15. Let w(o) = 2*o**2 + 4*o - 3. Let u be w(x). What is the highest common divisor of 91 and u?
13
Let u = -73 + 129. What is the greatest common factor of u and 126?
14
Suppose 3*g + 39 = 129. Calculate the greatest common factor of 210 and g.
30
Let d(x) = -x**3 + x**2 - 1. Let p be d(-3). Calculate the greatest common divisor of 5 and p.
5
Let r be (10/(-1 + -1))/(-1). What is the highest common divisor of r and 25?
5
Suppose -p + 26 = -44. Let h = 3 - -11. What is the greatest common factor of p and h?
14
Suppose 29*l - 20 = 27*l. What is the highest common divisor of l and 110?
10
Suppose 5*c - 41 = 4*p - 4, -3*c + 5*p = -17. Let l(r) = 98*r + 1. Let z be l(1). What is the greatest common divisor of z and c?
9
Let u = 4 + -2. Suppose 102 + 42 = 4*s + u*h, 5*s - 2*h = 171. Let k = -2 + 9. What is the greatest common factor of k and s?
7
Let r be ((-14)/6)/(11/(-561)). Calculate the highest common divisor of 51 and r.
17
Let w = -25 - -25. Suppose y - 6 - 5 = w. What is the highest common factor of y and 121?
11
Let o be (20/(-8) - -3)*48. What is the greatest common divisor of o and 16?
8
Suppose 4*m + m - 20 = 0. Suppose 32 = -0*u + 3*u + m*k, -3*k = -u - 11. What is the highest common factor of u and 36?
4
Suppose 5*y + 298 = -2*g, 3*g + 2 - 5 = 0. Let r be (8/(-20))/(1/y). Suppose 27 = 3*d + 3. What is the highest common divisor of r and d?
8
Let w(d) = -3*d - 2. Let y be w(-5). Let z(j) = -j**3 + 3*j**2 + 2*j + 4. Let g be z(-3). Calculate the highest common divisor of y and g.
13
Let i be (-2)/(-5) - 23/(-5). Suppose 0 = i*w - 0*w - 75. What is the highest common factor of w and 45?
15
Let d = 60 + -50. What is the greatest common factor of 40 and d?
10
Suppose -5*i + l + 475 = -350, 3*i = 4*l + 495. Calculate the greatest common factor of 15 and i.
15
Suppose 0 = 5*u - 0*u + 5, -3*a = 2*u - 25. What is the highest common divisor of 81 and a?
9
Let z be (-122)/(-14) + -1*(-8)/28. What is the greatest common divisor of z and 81?
9
Suppose 4*q = -4*w + 2*q + 4, 4*w - 20 = 2*q. Let f(j) = j**3 - 6*j**2 - 17*j + 11. Let b be f(8). Calculate the highest common divisor of b and w.
3
Suppose -3*n = 4*a - 2*n - 45, -4*a + n = -35. Suppose 0 = 4*y - 1 + 9. Let m be (y + 0 + 4)*15. What is the highest common factor of a and m?
10
Let n = -450 + 477. Let b be 1 + 7 - -1*1. What is the highest common divisor of b and n?
9
Suppose 4*o = 2*o + 12. Let w(s) = 2*s**2 - 3*s - 6. Let m be w(6). What is the highest common factor of o and m?
6
Let q = -15 + 19. Calculate the highest common factor of 44 and q.
4
Suppose a = 6*a - 15. Suppose 0 = 4*u - a*b - 95, -b + 5 = -2*b. Calculate the greatest common factor of u and 8.
4
Let k = -16 + 26. Calculate the greatest common divisor of 30 and k.
10
Let z be -11 + -5 + 10 + 64. What is the highest common divisor of 232 and z?
58
Suppose -482 + 142 = -5*t. Let a(f) = f. Let w(n) = -n**2 + n + 3. Let v(d) = 2*a(d) - w(d). Let c be v(4). Calculate the highest common factor of t and c.
17
Let v be (-1)/(-4) - 55/(-4). Let m = 7 + 69. Suppose 5*s - m = v. Calculate the highest common factor of s and 18.
18
Let u be ((-38)/8)/(2/8). Let w = -5 - u. Let z be (1*7)/((-3)/(-3)). What is the highest common divisor of w and z?
7
Let v be (20 + -1)*(-3 - -2). Let o = 41 + v. Calculate the greatest common divisor of 33 and o.
11
Suppose 0*m - 3*m + 108 = 0. Let v be 6/(-27) - 15*(-66)/81. What is the highest common divisor of v and m?
12
Suppose -5*c = -2*c - 3*d - 939, 0 = -4*c + 2*d + 1242. Calculate the highest common divisor of c and 28.
28
Let i be (1/(-3))/(3/(-9)). Let t be 1/(((-15)/(-18))/5). Suppose -t*r = -2*r - 16. What is the greatest common factor of r and i?
1
Let b be (-1 - 14/(-8))*296. Let a = b + -89. Suppose 5*t + 11 = 106. Calculate the highest common factor of t and a.
19
Let i(j) = 2*j**2 - 2*j + 2. Let t be i(4). Suppose -5*h + 8 = 4*r - t, 4*r + 16 = 0. What is the highest common factor of h and 70?
10
Let q(d) = -d**2 + d + 20. Let k be q(0). Let i = -5 + 35. What is the highest common divisor of i and k?
10
Suppose p + l = -1, 2*p + 6 = -5*l - 2. Let c(r) = -r. Let x be c(-7). Calculate the greatest common divisor of x and p.
1
Let j = 50 - 33. Let i(r) = r**2 - 13. Let a be i(-9). Calculate the greatest common factor of j and a.
17
Let q be 1/(-4) + 122/8 + -3. What is the greatest common divisor of q and 30?
6
Let w be (-5)/((-24)/23 - -1). Let r = 25 - 2. What is the highest common factor of r and w?
23
Let a(c) = -9*c + 9. Let v be a(6). Let t = v - -70. Calculate the greatest common divisor of 100 and t.
25
Suppose 3*l - 3*k = 18, 4*l + k - 12 = 32. Suppose 197 = 2*c - 2*d + 57, 0 = 2*c + 5*d - 140. What is the greatest common divisor of c and l?
10
Let o = 8 + -4. Let n(z) = -z**2 + z + 37. Let m be n(0). Suppose 0 = d + 1 - m. What is the greatest common factor of d and o?
4
Let k be 4/10 - (-5)/(100/32). Let p = -5 - -12. Let n = p - k. Calculate the greatest common factor of n and 35.
5
Let f be (-904)/(-28) - 10/35. What is the greatest common factor of 224 and f?
32
Let p be (-92)/(-5) - 32/80. What is the greatest common divisor of p and 2?
2
Let c be (-15)/(-20) + 2/(8/45). What is the greatest common factor of 60 and c?
12
Let u(z) = -z**2 + 5. Let l be u(0). Suppose 2*p = -4*a + 14, -a - a - 5*p = l. Calculate the greatest common divisor of a and 35.
5
Let x(d) = 5*d - 2*d - 4 + 0*d. Let r be x(3). Suppose -81 = -4*l - 5*g + 34, 4*g - 12 = 0. What is the greatest common factor of r and l?
5
Let j = 0 - -77. Let x be (1 + 0)/(4/12). Suppose -2 = x*o + 10, -2*o + 6 = 2*n. Calculate the highest common factor of n and j.
7
Suppose 16 = -4*l + 88. What is the greatest common divisor of 90 and l?
18
Let b be ((-8)/4 - 1) + -12. Let s be 2*(b/(-6) - 2). Calculate the highest common factor of s and 1.
1
Let x(z) = -z**2 - 11*z - 12. Let l be 1*(-3 - -2) - 8. Let c be x(l). Calculate the highest common factor of 42 and c.
6
Let w be 11*3/(-3 - -6). Suppose 0 = -r + 28 + w. What is the highest common factor of 26 and r?
13
Let x = -51 + 52. Let g = -1 + 3. What is the highest common factor of x and g?
1
Let v(j) = 3*j - 16. Let r be v(10). What is the highest common factor of r and 7?
7
Let n(f) = -f**3 + f**2 - 2. Let z be n(-2). Suppose 2*x - x - 230 = 0. Suppose x = 5*g - 20. Calculate the greatest common factor of g and z.
10
Suppose -269 = -4*w + 5*p, 3*p - 63 = 3*w - 4*w. Let b(i) = 0 + 0 + 7*i**2 + 1 + 2*i. Let f be b(-1). Calculate the greatest common factor of w and f.
6
Let u(g) = -g - 13. Let m be u(-7). Let j = -1 - m. What is the highest common divisor of j and 10?
5
Let k(b) = b**3 - 2*b**2 + 6*b - 6. Let v be k(3). Calculate the greatest common factor of 3 and v.
3
Let r(c) = -c**3 - 8*c**2 - 6*c + 9. Let o be r(-7). Let t be (o/4 + -1)*-156. Suppose 0 = -3*i + 8*i - 65. Calculate the highest common factor of i and t.
13
Suppose -2*g + 14 = k, -4*k + 4 + 8 = -3*g. Let x = -13 + 51. Suppose a + a = y + 29, 0 = -4*a - 2*y + x. What is the highest common divisor of k and a?
6
Let v = 90 - 25. Let r be (3/(-3))/((-1)/4). Suppose -7*c + 2*c + 80 = 3*j, 0 = -r*c - 4*j + 72. What is the highest common factor of c and v?
13
Suppose 616 = 3*a + 4*a. Calculate the highest common factor of a an